{"id":2716,"date":"2025-05-21T11:58:17","date_gmt":"2025-05-21T11:58:17","guid":{"rendered":"https:\/\/artencounters.ro\/?post_type=eveniment&#038;p=2716"},"modified":"2025-05-21T11:58:17","modified_gmt":"2025-05-21T11:58:17","slug":"performative-reading-with-nelu-antocian-and-la-doua-bufnite","status":"publish","type":"eveniment","link":"https:\/\/artencounters.ro\/en\/eveniment\/performative-reading-with-nelu-antocian-and-la-doua-bufnite\/","title":{"rendered":"Performative reading with Nelu Antocian and La Dou\u0103 Bufni\u021be"},"content":{"rendered":"<div class=\"info big-p-info\">\n<p>The readings in the three locations of the Art Encounters Biennial Bounding Histories Whispering Tales nuance the possibilities of the three spaces: the Garrison Headquarters \u2013 a former military building, FABER \u2013 a former soap factory, and the Art Encounters Foundation headquarters \u2013 a space with an industrial and educational history. These will reveal a number of possible scenarios that connect past and present history.<\/p>\n<\/div>\n<div class=\"info\">\n<p>The three invited poets will aim to focus on the themes of each location: war as a common experience (Garrison), the relationship between the personal and capital (FABER), the nostalgia of a childhood that is gradually industrialising (Art Encounters Foundation).<\/p>\n<p>The scenario constructed by the three readings will unfold as follows: the daughter (M\u0103d\u0103lina Aldescu), trapped in a soap factory, observes the artificiality of the world around her \u2013 a world closed in from different points of view; the veteran (Alex Higyed), reliving the transformations the war has brought him; the older brother (Nelu Antocian), who revisits with an analytical nostalgia various episodes of his childhood. The programme dedicated to this section takes place on Thursdays, from 18:00 to 20:00, as follows: 5 June at Faber (M\u0103d\u0103lina Aldescu, in collaboration with La Dou\u0103 Bufni\u021be); 19 June at Garnizoan\u0103 (Alex Higyed, in collaboration with La Dou\u0103 Bufni\u021be); 26 June at Art Encounters Foundation (Nelu Antocian, in collaboration with La Dou\u0103 Bufni\u021be).<\/p>\n<\/div>\n","protected":false},"featured_media":2717,"template":"","meta":{"_acf_changed":false},"bienala":[22],"class_list":["post-2716","eveniment","type-eveniment","status-publish","has-post-thumbnail","hentry","bienala-biennial-2025"],"acf":[],"_links":{"self":[{"href":"https:\/\/artencounters.ro\/en\/wp-json\/wp\/v2\/eveniment\/2716","targetHints":{"allow":["GET"]}}],"collection":[{"href":"https:\/\/artencounters.ro\/en\/wp-json\/wp\/v2\/eveniment"}],"about":[{"href":"https:\/\/artencounters.ro\/en\/wp-json\/wp\/v2\/types\/eveniment"}],"wp:featuredmedia":[{"embeddable":true,"href":"https:\/\/artencounters.ro\/en\/wp-json\/wp\/v2\/media\/2717"}],"wp:attachment":[{"href":"https:\/\/artencounters.ro\/en\/wp-json\/wp\/v2\/media?parent=2716"}],"wp:term":[{"taxonomy":"bienala","embeddable":true,"href":"https:\/\/artencounters.ro\/en\/wp-json\/wp\/v2\/bienala?post=2716"}],"curies":[{"name":"wp","href":"https:\/\/api.w.org\/{rel}","templated":true}]}}

Performative reading with Nelu Antocian and La Două Bufnițe

<div class="info big-p-info">
<p>The readings in the three locations of the Art Encounters Biennial Bounding Histories Whispering Tales nuance the possibilities of the three spaces: the Garrison Headquarters – a former military building, FABER – a former soap factory, and the Art Encounters Foundation headquarters – a space with an industrial and educational history. These will reveal a number of possible scenarios that connect past and present history.</p>
</div>
<div class="info">
<p>The three invited poets will aim to focus on the themes of each location: war as a common experience (Garrison), the relationship between the personal and capital (FABER), the nostalgia of a childhood that is gradually industrialising (Art Encounters Foundation).</p>
<p>The scenario constructed by the three readings will unfold as follows: the daughter (Mădălina Aldescu), trapped in a soap factory, observes the artificiality of the world around her – a world closed in from different points of view; the veteran (Alex Higyed), reliving the transformations the war has brought him; the older brother (Nelu Antocian), who revisits with an analytical nostalgia various episodes of his childhood. The programme dedicated to this section takes place on Thursdays, from 18:00 to 20:00, as follows: 5 June at Faber (Mădălina Aldescu, in collaboration with La Două Bufnițe); 19 June at Garnizoană (Alex Higyed, in collaboration with La Două Bufnițe); 26 June at Art Encounters Foundation (Nelu Antocian, in collaboration with La Două Bufnițe).</p>
</div>
