{"id":3134,"date":"2025-07-01T13:35:31","date_gmt":"2025-07-01T13:35:31","guid":{"rendered":"https:\/\/artencounters.ro\/expozitie\/the-poetics-of-politics\/"},"modified":"2025-07-01T13:52:15","modified_gmt":"2025-07-01T13:52:15","slug":"the-poetics-of-politics","status":"publish","type":"expozitie","link":"https:\/\/artencounters.ro\/en\/expozitie\/the-poetics-of-politics\/","title":{"rendered":"The Poetics of Politics"},"content":{"rendered":"<p><span style=\"font-weight: 400;\">The Art Encounters Foundation invites you to the photography exhibition \u201cThe Poetics of Politics\u201d by artists Michele Bressan, Dani Gherc\u0103, Nicu Ilfoveanu, and the invited artist, Alexandra Croitoru, who will present a series of works in collaboration with Ana Con\u021bu, Ioana Dumitrescu, Sonia Lup\u0219a, Cr\u0103i\u021ba Niga, C\u0103t\u0103lina Pintilie, Roberta Roat\u0103; which will take place on Thursday, September 21, from 18:00, at the permanent headquarters of the Foundation, Blvd. Take Ionescu 46C (Casa ISHO, 1st floor), Timi\u0219oara.<\/span><\/p>\n<p><span style=\"font-weight: 400;\">Curated by Belgian art critic and curator Sam Steverlynck, this project was conceived as an exhibition diptych held at Harlan Levey Projects in Brussels (June 10 \u2013 July 15, 2023) and the Art Encounters Foundation in Timi\u0219oara (September 21 \u2013 October 28, 2023), within the framework of Timi\u0219oara 2023 \u2013 European Capital of Culture.<\/span><\/p>\n<p><span style=\"font-weight: 400;\">Whereas the exhibition at Harlan Levey Projects focused on the shift from communism to a market economy \u2013 which was an essential subject for an entire generation of artists from the beginning of the 1990s onwards \u2013 the <\/span><span style=\"font-weight: 400;\">exhibition at the Art Encounters will expand this topic by reflecting on the oscillation between the ruins of the past and possibilities for the present, both from a personal and a political perspective.<\/span><\/p>\n<p><span style=\"font-weight: 400;\">Thus, the Timi\u0219oara exhibition brings together the works of an emerging generation of Romanian photographers (Michele Bressan; guest artist Alexandra Croitoru; Dani Gherc\u0103; Nicu Ilfoveanu) who graduated from the Academy of Arts in Bucharest, where many of them also teach. Growing up after the 1989 Revolution and experiencing firsthand the sudden transition from communism to capitalism, as well as its long-lasting social, political, economic, and urban effects, what unites their practice is a cautious approach toward the use of imagery for various narratives and a meta-reflexive way of dealing with the medium photography. Adhering to a conceptual approach instead of a documentary one, they reflect on a period of economic, social, and technological transition, examining the notion of the image in all its forms.\u00a0<\/span><\/p>\n<p><span style=\"font-weight: 400;\">Experimenting with different presentation modes, switching between analog and digital, projected image and moving image, while sometimes also incorporating found footage and text, they want to overcome the limitations of the still image while stretching its possibilities. Though they do not proclaim themselves as outspoken in political terms, their way of looking at society bears a political dimension expressed through a visual language that is experimental, aesthetic, and poetic.<\/span><\/p>\n<p><span style=\"font-weight: 400;\"> The exhibition hosted by the Art Encounters Foundation can be visited from Tuesday to Saturday between 12:00 and 18:00, offering a guided tour every Saturday from 17:00.<\/span><\/p>\n<p><span style=\"font-weight: 400;\">\u2014<\/span><\/p>\n<p><span style=\"font-weight: 400;\"> The exhibition is organized by the Art Encounters Foundation and SwitchLab and is co-financed by the Municipality of Timi\u0219oara through the Center for Projects and AFCN.<\/span><\/p>\n<p><span style=\"font-weight: 400;\">*The project is part of the national cultural program \u201cTimi\u0219oara \u2013 European Capital of Culture in 2023\u201d and is financed by the European Echoes program, run by the Municipality of Timi\u0219oara through the Center for Projects, with amounts allocated from the state budget, through the budget of the Ministry of Culture.<\/span><\/p>\n<p><span style=\"font-weight: 400;\">**The project does not necessarily represent the Administration of the National Cultural Fund\u2019s position. AFCN is not responsible for the project\u2019s content or how the project results may be used. These are entirely the responsibility of the beneficiary of the funding.<\/span><\/p>\n<p>&nbsp;<\/p>\n","protected":false},"featured_media":3108,"template":"","meta":{"_acf_changed":false},"bienala":[],"class_list":["post-3134","expozitie","type-expozitie","status-publish","has-post-thumbnail","hentry"],"acf":[],"_links":{"self":[{"href":"https:\/\/artencounters.ro\/en\/wp-json\/wp\/v2\/expozitie\/3134","targetHints":{"allow":["GET"]}}],"collection":[{"href":"https:\/\/artencounters.ro\/en\/wp-json\/wp\/v2\/expozitie"}],"about":[{"href":"https:\/\/artencounters.ro\/en\/wp-json\/wp\/v2\/types\/expozitie"}],"wp:featuredmedia":[{"embeddable":true,"href":"https:\/\/artencounters.ro\/en\/wp-json\/wp\/v2\/media\/3108"}],"wp:attachment":[{"href":"https:\/\/artencounters.ro\/en\/wp-json\/wp\/v2\/media?parent=3134"}],"wp:term":[{"taxonomy":"bienala","embeddable":true,"href":"https:\/\/artencounters.ro\/en\/wp-json\/wp\/v2\/bienala?post=3134"}],"curies":[{"name":"wp","href":"https:\/\/api.w.org\/{rel}","templated":true}]}}

<p><span style="font-weight: 400;">The Art Encounters Foundation invites you to the photography exhibition “The Poetics of Politics” by artists Michele Bressan, Dani Ghercă, Nicu Ilfoveanu, and the invited artist, Alexandra Croitoru, who will present a series of works in collaboration with Ana Conțu, Ioana Dumitrescu, Sonia Lupșa, Crăița Niga, Cătălina Pintilie, Roberta Roată; which will take place on Thursday, September 21, from 18:00, at the permanent headquarters of the Foundation, Blvd. Take Ionescu 46C (Casa ISHO, 1st floor), Timișoara.</span></p>
<p><span style="font-weight: 400;">Curated by Belgian art critic and curator Sam Steverlynck, this project was conceived as an exhibition diptych held at Harlan Levey Projects in Brussels (June 10 – July 15, 2023) and the Art Encounters Foundation in Timișoara (September 21 – October 28, 2023), within the framework of Timișoara 2023 – European Capital of Culture.</span></p>
<p><span style="font-weight: 400;">Whereas the exhibition at Harlan Levey Projects focused on the shift from communism to a market economy – which was an essential subject for an entire generation of artists from the beginning of the 1990s onwards – the </span><span style="font-weight: 400;">exhibition at the Art Encounters will expand this topic by reflecting on the oscillation between the ruins of the past and possibilities for the present, both from a personal and a political perspective.</span></p>
<p><span style="font-weight: 400;">Thus, the Timișoara exhibition brings together the works of an emerging generation of Romanian photographers (Michele Bressan; guest artist Alexandra Croitoru; Dani Ghercă; Nicu Ilfoveanu) who graduated from the Academy of Arts in Bucharest, where many of them also teach. Growing up after the 1989 Revolution and experiencing firsthand the sudden transition from communism to capitalism, as well as its long-lasting social, political, economic, and urban effects, what unites their practice is a cautious approach toward the use of imagery for various narratives and a meta-reflexive way of dealing with the medium photography. Adhering to a conceptual approach instead of a documentary one, they reflect on a period of economic, social, and technological transition, examining the notion of the image in all its forms. </span></p>
<p><span style="font-weight: 400;">Experimenting with different presentation modes, switching between analog and digital, projected image and moving image, while sometimes also incorporating found footage and text, they want to overcome the limitations of the still image while stretching its possibilities. Though they do not proclaim themselves as outspoken in political terms, their way of looking at society bears a political dimension expressed through a visual language that is experimental, aesthetic, and poetic.</span></p>
<p><span style="font-weight: 400;"> The exhibition hosted by the Art Encounters Foundation can be visited from Tuesday to Saturday between 12:00 and 18:00, offering a guided tour every Saturday from 17:00.</span></p>
<p><span style="font-weight: 400;">—</span></p>
<p><span style="font-weight: 400;"> The exhibition is organized by the Art Encounters Foundation and SwitchLab and is co-financed by the Municipality of Timișoara through the Center for Projects and AFCN.</span></p>
<p><span style="font-weight: 400;">*The project is part of the national cultural program “Timișoara – European Capital of Culture in 2023” and is financed by the European Echoes program, run by the Municipality of Timișoara through the Center for Projects, with amounts allocated from the state budget, through the budget of the Ministry of Culture.</span></p>
<p><span style="font-weight: 400;">**The project does not necessarily represent the Administration of the National Cultural Fund’s position. AFCN is not responsible for the project’s content or how the project results may be used. These are entirely the responsibility of the beneficiary of the funding.</span></p>
<p>&nbsp;</p>
