{"id":3685,"date":"2026-03-10T08:38:41","date_gmt":"2026-03-10T08:38:41","guid":{"rendered":"https:\/\/artencounters.ro\/?post_type=expozitie&#038;p=3685"},"modified":"2026-03-13T08:09:35","modified_gmt":"2026-03-13T08:09:35","slug":"the-third-woman-actionism-performance-and-attitudes","status":"publish","type":"expozitie","link":"https:\/\/artencounters.ro\/en\/expozitie\/the-third-woman-actionism-performance-and-attitudes\/","title":{"rendered":"The Third Woman \u2013 Actionism, performance, and attitudes"},"content":{"rendered":"<p>With the participation of the artists: Matthew Antezzo, Alexandru Antik, Maja Bajevi\u0107, Rosa Barba, John Bock, Geta Br\u0103tescu, G\u00fcnter Brus, Andr\u00e9 Cadere, VALIE EXPORT, Peter Weibel, Heinz Frank, Dorothee Golz, Ion Grigorescu, Ana Lupa\u0219, Tracey Moffatt, Hermann Nitsch, Mikl\u00f3s Onucs\u00e1n, Rudolf Polanszky, Lisl Ponger, Dieter Roth &amp; Arnulf Rainer, Christoph Schlingensief, Rudolf Schwarzkogler, Decebal Scriba, Patricia Teodorescu, Milica Tomi\u0107, Doru Tulcan, Sorin Vreme, Franz West &amp; Andreas Reiter Raabe.<\/p>\n<p>The Third Woman includes a valuable selection of pieces from the Charim Collection in Vienna, alongside an excerpt from the Ovidiu \u0218andor Collection and several invited works by Romanian contemporary artists. At the core of the exhibition lie the influential works of VALIE EXPORT, a pioneer of feminist art, who has used her own body in a radical and polarizing manner, dismantling the traditional concepts of femininity within a male-dominated discourse. The title of the exhibition has been inspired by the famous 1949 British espionage film The Third Man, directed by Carol Reed after a script signed by Graham Greene, with Joseph Cotten, Alida Valli, Orson Welles and Trevor Howard. The action is set in Vienna, in the post-war period, against a backdrop marked by the trauma of bombardments. By analogy, within the exhibition, VALIE EXPORT plays the role of \u201cthe third woman\u201d, becoming the link that connects both the famous and the less known stories of recent Romanian and Austrian art.<\/p>\n<p>The exhibition brings together works by the representatives of Viennese Actionism from the movement\u2019s early days, and includes important names of the 70s and 80s associated with performance art, installation or gestural painting, as well as contemporary pieces. Categorically rejecting moral taboos, Christian rigour and the clinical image of the body, Viennese artists aimed to transgress all the limits of art. The artworks created by the Romanian artists included in the exhibition as part of their subversive underground explorations during the Communist era and in the immediate aftermath of the regime\u2019s fall are consistent with the radical attitudes that the Actionists exhibited as a reaction to the conservative context of post-war Viennese society.<\/p>\n<p>The Charim Collection, which has been developed over a long period of time, is characterised by an interest for the novel and experimental dimension of art, as well as by the performative nature of artistic gestures and actions. Organising the exhibition in the future European Capital of Culture represents a unique opportunity to open a cultural dialogue between two cities that share significant resemblances. At the same time, it constitutes a meeting point for 20th century radical art movements that is enhanced by the presence of a contemporary art selection.<\/p>\n<p>Organiser: Art Encounters Foundation<br \/>\nSponsor of the permanent programme: Banca Transilvania<br \/>\nCo-financer: The Administration of the National Cultural Fund<br \/>\nInstitutional partners: Charim Gallery, the Austrian Cultural Forum<br \/>\nSponsors: ISHO, Thesaurus Wines, Illy, Agasi, Melbo Instal<br \/>\nMedia partners: The Institute, RFI Rom\u00e2nia, Radio Rom\u00e2nia Cultural, Zeppelin, Modernism.ro<br \/>\nGraphic design: Bogdan Matei<\/p>\n","protected":false},"featured_media":3678,"template":"","meta":{"_acf_changed":false},"bienala":[],"class_list":["post-3685","expozitie","type-expozitie","status-publish","has-post-thumbnail","hentry"],"acf":[],"_links":{"self":[{"href":"https:\/\/artencounters.ro\/en\/wp-json\/wp\/v2\/expozitie\/3685","targetHints":{"allow":["GET"]}}],"collection":[{"href":"https:\/\/artencounters.ro\/en\/wp-json\/wp\/v2\/expozitie"}],"about":[{"href":"https:\/\/artencounters.ro\/en\/wp-json\/wp\/v2\/types\/expozitie"}],"wp:featuredmedia":[{"embeddable":true,"href":"https:\/\/artencounters.ro\/en\/wp-json\/wp\/v2\/media\/3678"}],"wp:attachment":[{"href":"https:\/\/artencounters.ro\/en\/wp-json\/wp\/v2\/media?parent=3685"}],"wp:term":[{"taxonomy":"bienala","embeddable":true,"href":"https:\/\/artencounters.ro\/en\/wp-json\/wp\/v2\/bienala?post=3685"}],"curies":[{"name":"wp","href":"https:\/\/api.w.org\/{rel}","templated":true}]}}

<p>With the participation of the artists: Matthew Antezzo, Alexandru Antik, Maja Bajević, Rosa Barba, John Bock, Geta Brătescu, Günter Brus, André Cadere, VALIE EXPORT, Peter Weibel, Heinz Frank, Dorothee Golz, Ion Grigorescu, Ana Lupaș, Tracey Moffatt, Hermann Nitsch, Miklós Onucsán, Rudolf Polanszky, Lisl Ponger, Dieter Roth &amp; Arnulf Rainer, Christoph Schlingensief, Rudolf Schwarzkogler, Decebal Scriba, Patricia Teodorescu, Milica Tomić, Doru Tulcan, Sorin Vreme, Franz West &amp; Andreas Reiter Raabe.</p>
<p>The Third Woman includes a valuable selection of pieces from the Charim Collection in Vienna, alongside an excerpt from the Ovidiu Șandor Collection and several invited works by Romanian contemporary artists. At the core of the exhibition lie the influential works of VALIE EXPORT, a pioneer of feminist art, who has used her own body in a radical and polarizing manner, dismantling the traditional concepts of femininity within a male-dominated discourse. The title of the exhibition has been inspired by the famous 1949 British espionage film The Third Man, directed by Carol Reed after a script signed by Graham Greene, with Joseph Cotten, Alida Valli, Orson Welles and Trevor Howard. The action is set in Vienna, in the post-war period, against a backdrop marked by the trauma of bombardments. By analogy, within the exhibition, VALIE EXPORT plays the role of “the third woman”, becoming the link that connects both the famous and the less known stories of recent Romanian and Austrian art.</p>
<p>The exhibition brings together works by the representatives of Viennese Actionism from the movement’s early days, and includes important names of the 70s and 80s associated with performance art, installation or gestural painting, as well as contemporary pieces. Categorically rejecting moral taboos, Christian rigour and the clinical image of the body, Viennese artists aimed to transgress all the limits of art. The artworks created by the Romanian artists included in the exhibition as part of their subversive underground explorations during the Communist era and in the immediate aftermath of the regime’s fall are consistent with the radical attitudes that the Actionists exhibited as a reaction to the conservative context of post-war Viennese society.</p>
<p>The Charim Collection, which has been developed over a long period of time, is characterised by an interest for the novel and experimental dimension of art, as well as by the performative nature of artistic gestures and actions. Organising the exhibition in the future European Capital of Culture represents a unique opportunity to open a cultural dialogue between two cities that share significant resemblances. At the same time, it constitutes a meeting point for 20th century radical art movements that is enhanced by the presence of a contemporary art selection.</p>
<p>Organiser: Art Encounters Foundation<br />
Sponsor of the permanent programme: Banca Transilvania<br />
Co-financer: The Administration of the National Cultural Fund<br />
Institutional partners: Charim Gallery, the Austrian Cultural Forum<br />
Sponsors: ISHO, Thesaurus Wines, Illy, Agasi, Melbo Instal<br />
Media partners: The Institute, RFI România, Radio România Cultural, Zeppelin, Modernism.ro<br />
Graphic design: Bogdan Matei</p>
