{"id":4117,"date":"2026-03-10T12:54:12","date_gmt":"2026-03-10T12:54:12","guid":{"rendered":"https:\/\/artencounters.ro\/?post_type=expozitie&#038;p=4117"},"modified":"2026-03-13T07:55:18","modified_gmt":"2026-03-13T07:55:18","slug":"ex-east-past-and-recent-stories-of-the-romanian-avant-gardes","status":"publish","type":"expozitie","link":"https:\/\/artencounters.ro\/en\/expozitie\/ex-east-past-and-recent-stories-of-the-romanian-avant-gardes\/","title":{"rendered":"Ex-East. Past and recent stories of the Romanian avant-gardes"},"content":{"rendered":"<p>With the participation of the artists: Arthur Segal, Constantin Br\u00e2ncu\u015fi, Marcel Iancu, Tristan Tzara, Benjamin Fondane, Victor Brauner, Jacques H\u00e9rold, Horia Damian, Isidore Isou, Geta Br\u0103tescu, Pavel Ilie, \u015etefan Bertalan, Andrei C\u0103dere, Roman Coto\u0219man, Constantin Flondor, Cornel Bruda\u015fcu, Horia Bernea, Florin Mitroi, Paul Neagu, Ana Lupa\u0219, Mihai Olos, Doru Tulcan, Decebal Scriba, Ion Grigorescu, Rudolf Bone, Mikl\u00f3s Onucsan, Teodor Graur, Iosif Kir\u00e1ly, SubREAL, Dan Perjovschi, Daniel Knorr, Kinema Ikon, Aurora Kir\u00e1ly, Victor Man, Anca Munteanu R\u00eemnic, Simon Cantemir Hau\u0219i, Anca Benera &amp; Arnold Estefan, Mircea Cantor, Adrian Ghenie, Ciprian Mure\u015fan, Gabriela Vanga, \u015eerban Savu, Mircea Suciu, Liliana Basarab, Marius Bercea, Vlad Nanc\u0103, Ioana Neme\u015f, Andra Ursu\u021ba, Olivia Mih\u0103l\u021bianu, Alex Mirutziu, Pusha Petrov, Mi Kafchin, Lea Rasovszky.<\/p>\n<p>Ex-East. Past and recent stories of the Romanian avant-gardes is a modern and contemporary art exhibition organised by the Art Encounters Foundation in Paris under the auspices of the France \u2013 Romania Cultural.<\/p>\n<p>The main protagonists of modern art will stand alongside the actors of the contemporary scene with a view to highlight the essential contribution of the Romanian artists to the 20th century and the undeniable contribution of the new generations and their ways of relating to the present time. A \u201csmall nation\u201d at the borders of the Levant, Romania has been successful, in the early 20th century, in bringing to light undeniable and uncontested figures: Constantin Br\u00e2ncu\u015fi and his echo, fundamental to the thought that structured all 20th century art, or Tristan Tzara, co-founder and icon of the Dada movement.<\/p>\n<p>The post-war period and the Communist regime with its share of reactions and ideological rigidity, have nevertheless revealed specific avant-garde attitudes, detached from the Western utopias and ideologies but equally complex and radical in terms of formal and conceptual vocabulary. After the fall of the wall, contemporary inquiries have developed in the light of a new era with a view to overcome boundaries imposed by the dominance of the political and cultural dictatorship. An exhibition presented on the occasion of the France \u2013 Romania Season 2019 with the support of the Romanian Cultural Institute in Paris.<br \/>\nWith the support of LC Foundation Bucharest, ELBA S.A. and Saint-Globain, Romania.<br \/>\nWith the support and the active sollicitude of Espace Niemeyer Paris.<br \/>\nThe exhibition brings together works from different public and private collections, artists and galleries loans.<br \/>\nSpecial acknowledgement to Centre Georges Pompidou, Paris. As well to Communic\u2019art, Paris.<br \/>\nScenography of the exhibition \u2013 Vincent Le Bourdon<br \/>\nGraphic Design \u2013 Synopsis Media<br \/>\nProduction of the scenic setting \u2013 Xd\u00e9e<br \/>\nEvent organised with the support of Thesaurus Winery.<\/p>\n","protected":false},"featured_media":4116,"template":"","meta":{"_acf_changed":false},"bienala":[],"class_list":["post-4117","expozitie","type-expozitie","status-publish","has-post-thumbnail","hentry"],"acf":[],"_links":{"self":[{"href":"https:\/\/artencounters.ro\/en\/wp-json\/wp\/v2\/expozitie\/4117","targetHints":{"allow":["GET"]}}],"collection":[{"href":"https:\/\/artencounters.ro\/en\/wp-json\/wp\/v2\/expozitie"}],"about":[{"href":"https:\/\/artencounters.ro\/en\/wp-json\/wp\/v2\/types\/expozitie"}],"wp:featuredmedia":[{"embeddable":true,"href":"https:\/\/artencounters.ro\/en\/wp-json\/wp\/v2\/media\/4116"}],"wp:attachment":[{"href":"https:\/\/artencounters.ro\/en\/wp-json\/wp\/v2\/media?parent=4117"}],"wp:term":[{"taxonomy":"bienala","embeddable":true,"href":"https:\/\/artencounters.ro\/en\/wp-json\/wp\/v2\/bienala?post=4117"}],"curies":[{"name":"wp","href":"https:\/\/api.w.org\/{rel}","templated":true}]}}

<p>With the participation of the artists: Arthur Segal, Constantin Brâncuşi, Marcel Iancu, Tristan Tzara, Benjamin Fondane, Victor Brauner, Jacques Hérold, Horia Damian, Isidore Isou, Geta Brătescu, Pavel Ilie, Ştefan Bertalan, Andrei Cădere, Roman Cotoșman, Constantin Flondor, Cornel Brudaşcu, Horia Bernea, Florin Mitroi, Paul Neagu, Ana Lupaș, Mihai Olos, Doru Tulcan, Decebal Scriba, Ion Grigorescu, Rudolf Bone, Miklós Onucsan, Teodor Graur, Iosif Király, SubREAL, Dan Perjovschi, Daniel Knorr, Kinema Ikon, Aurora Király, Victor Man, Anca Munteanu Rîmnic, Simon Cantemir Hauși, Anca Benera &amp; Arnold Estefan, Mircea Cantor, Adrian Ghenie, Ciprian Mureşan, Gabriela Vanga, Şerban Savu, Mircea Suciu, Liliana Basarab, Marius Bercea, Vlad Nancă, Ioana Nemeş, Andra Ursuța, Olivia Mihălțianu, Alex Mirutziu, Pusha Petrov, Mi Kafchin, Lea Rasovszky.</p>
<p>Ex-East. Past and recent stories of the Romanian avant-gardes is a modern and contemporary art exhibition organised by the Art Encounters Foundation in Paris under the auspices of the France – Romania Cultural.</p>
<p>The main protagonists of modern art will stand alongside the actors of the contemporary scene with a view to highlight the essential contribution of the Romanian artists to the 20th century and the undeniable contribution of the new generations and their ways of relating to the present time. A “small nation” at the borders of the Levant, Romania has been successful, in the early 20th century, in bringing to light undeniable and uncontested figures: Constantin Brâncuşi and his echo, fundamental to the thought that structured all 20th century art, or Tristan Tzara, co-founder and icon of the Dada movement.</p>
<p>The post-war period and the Communist regime with its share of reactions and ideological rigidity, have nevertheless revealed specific avant-garde attitudes, detached from the Western utopias and ideologies but equally complex and radical in terms of formal and conceptual vocabulary. After the fall of the wall, contemporary inquiries have developed in the light of a new era with a view to overcome boundaries imposed by the dominance of the political and cultural dictatorship. An exhibition presented on the occasion of the France – Romania Season 2019 with the support of the Romanian Cultural Institute in Paris.<br />
With the support of LC Foundation Bucharest, ELBA S.A. and Saint-Globain, Romania.<br />
With the support and the active sollicitude of Espace Niemeyer Paris.<br />
The exhibition brings together works from different public and private collections, artists and galleries loans.<br />
Special acknowledgement to Centre Georges Pompidou, Paris. As well to Communic’art, Paris.<br />
Scenography of the exhibition – Vincent Le Bourdon<br />
Graphic Design – Synopsis Media<br />
Production of the scenic setting – Xdée<br />
Event organised with the support of Thesaurus Winery.</p>
